h(-2)?
True
Suppose -26*f - 13072 = -34*f. Is f a multiple of 83?
False
Suppose 0 = -u - u + 16. Let s = 71 - u. Let h = -43 + s. Does 5 divide h?
True
Suppose -2138 = -7*r - 290. Is r a multiple of 8?
True
Let w = 22 - 18. Suppose 0 = -w*b + z + 1031, 4*b + 5*z - 263 = 3*b. Is 43 a factor of b?
True
Let t be 550*(-7)/(-14) - (-1)/(-1). Suppose 0 = 2*y - 3*y + t. Does 40 divide y?
False
Let y(o) = 14*o**2 + 5*o - 12. Is 29 a factor of y(6)?
True
Let g(x) = -2*x**3 - 10*x**2 + 10*x - 15. Does 21 divide g(-8)?
False
Suppose 2*a + 2*x - 8690 = 0, -11*a + x = -13*a + 8691. Is 13 a factor of a?
False
Let n(g) be the third derivative of 0*g - 2/3*g**3 + 1/6*g**4 + 0 + 4*g**2 - 1/60*g**5 - 1/120*g**6. Is n(-5) a multiple of 25?
False
Let s(v) = v**3 - 5*v**2 + 6*v - 2. Let x be (6/(-15))/((-6)/60). Is s(x) a multiple of 3?
True
Let a = 3 + -1. Suppose -a*z - 3*z - 6 = -q, 4*q + z + 18 = 0. Let m = 2 - q. Does 3 divide m?
True
Let n = 628 + -71. Is 11 a factor of n?
False
Let i(m) = -m**3 + 8*m**2 + 8*m + 8. Let r be i(9). Let q be r - (4 + -7 - 7). Suppose 2*z + 336 = q*z. Is z a multiple of 16?
True
Suppose 2*c = 4*a - 3734, a + 6*c - 911 = 2*c. Is a a multiple of 19?
True
Let g(h) = 3*h**3 + 9*h**2 + 9*h - 1. Let o(n) = 5 + 30*n - 69*n**2 - 16*n**3 - 75*n + 25*n**2. Let j(l) = 11*g(l) + 2*o(l). Is j(-10) a multiple of 3?
True
Let a(k) = -5*k - 10. Let f be a(-3). Suppose -o = -5*h + 105, 0 = h - 0*h + 5*o + f. Is 4 a factor of h?
True
Let b(q) = -2*q**2 - 8*q - 8 + q**3 + 2*q**2 + 8*q**2. Let d be b(-9). Let k = 35 + d. Is 9 a factor of k?
True
Suppose 3*h - 171 = -0*h. Let f = h - 25. Is f a multiple of 7?
False
Let k(v) = v**2 + 7*v - 8. Suppose -i = 0, 4*o = -i + 23 - 55. Let f be k(o). Suppose s = -f*s + 35. Is 12 a factor of s?
False
Suppose 2*w = 1 + 3. Suppose 0 = -3*z + a + 97, w*z + 3*a - 49 = z. Does 6 divide z?
False
Let o be 42452/14 + (-2)/7. Suppose -2*h - 6*h + o = 0. Is h a multiple of 30?
False
Let r = 80 + -24. Suppose 0 = -3*h + w + 60 - 8, 4*h = -2*w + r. Is 3 a factor of h?
False
Suppose 7*q - 5*q + 48 = 0. Is 249/12 - 6/q a multiple of 9?
False
Suppose -5*g = 368 - 953. Is 9 a factor of g?
True
Let n be 4/14 - -102*(-3)/42. Let y(j) = -j**3 - 5*j**2 - 8*j - 10. Does 18 divide y(n)?
True
Suppose 3*j - 2*j = 5*t + 85, 5*t - 340 = -4*j. Is 7 a factor of j?
False
Does 21 divide (-6)/45 + 8 + (-9546)/(-45)?
False
Suppose 13*j + 18330 = 39*j. Is 15 a factor of j?
True
Suppose -2 = -d - d. Let i(w) = -19*w**3 + 2*w**2 + w - 2. Let s be i(d). Is (5/2)/((-9)/s) a multiple of 3?
False
Let y(b) = 19*b - 2. Let c(k) = k + 1. Let z(i) = 3*c(i) - y(i). Let s be 2/3*3 + -6. Is 23 a factor of z(s)?
True
Let g(w) = 23*w**3 + w**2 + w - 2. Let z = 33 + -31. Does 47 divide g(z)?
True
Suppose 40*d - 34893 = 12627. Is d a multiple of 33?
True
Let o(r) = 5*r - 8. Let q(w) = 21*w - 32. Let g(k) = 9*o(k) - 2*q(k). Let m be g(6). Does 4 divide 16 - -8*(-5)/m?
True
Let q(k) = -k**3 + 3*k**2 + 5*k - 4. Let u be q(4). Suppose -4*f = -u*f - 880. Is 10 a factor of f?
True
Suppose -70*a + 69*a = -3. Does 5 divide 12/a + 1 + 5?
True
Suppose 6*v - 160 - 410 = 0. Suppose -2*k + k = -2. Suppose -4*j - n + v = 0, j + 2*n = -k*n + 35. Is j a multiple of 7?
False
Let z(c) = c**3 - 11*c**2 + 2*c - 15. Suppose 5*d - 30 = -5*r, 4*d - r - r = 54. Is z(d) a multiple of 2?
False
Let t(l) = 3*l**2 + 6*l + 32. Is 8 a factor of t(-6)?
True
Let g be (3 - 8)*2/(-2). Suppose 0 = 3*y - g*n - 141, 4*n - 128 = -3*y - 14. Is y a multiple of 21?
True
Let g(n) = 493*n**2 - 3*n + 2. Is 3 a factor of g(1)?
True
Let j(c) = 11*c**3 - 2*c**2 + 1. Let l be j(2). Suppose -g = f - l, 2*f - 7*f = g - 413. Is 14 a factor of f?
False
Suppose 18 = 3*m - 5*m. Does 10 divide (-10)/3*m/1?
True
Let b(h) = 3*h - 21. Let t be (1 - 7)*(-10)/6. Is b(t) a multiple of 3?
True
Suppose -2*b - 12 = b, -2*b + 16 = 3*w. Suppose -3 = -3*f - 4*k + w, 1 = -f + k. Is 9 a factor of 1/((-2)/(-128)) - f?
True
Suppose n - 9 = 2*n. Let q be n/((-2)/(-20) - 0). Let h = -48 - q. Is h a multiple of 21?
True
Suppose 4*s + 4430 = 3*h - 2520, h + 4*s = 2290. Is h a multiple of 30?
True
Suppose 3 = -2*v + 1. Let c be (-4)/(v + (-2 - -2)). Suppose -c*g = 3*x - 212, -5*g - 3*x + 271 = 3. Is g a multiple of 21?
False
Suppose s - 5 + 10 = 0. Is s/(20/(-16))*29 a multiple of 29?
True
Let x(z) = 6*z**2 + 9*z + 17. Is x(-15) a multiple of 57?
False
Suppose -d = -4*m + 1494, -6 = -37*d + 34*d. Is m a multiple of 11?
True
Let m = -31 - -44. Let k = m - 11. Suppose 0 = -4*r - 4*f + 96, r - f - 56 = -k*r. Is 10 a factor of r?
True
Does 3 divide 8/12 + 1057/21?
True
Let p(b) = -9*b - 102. Let o(a) = -3*a - 34. Let h(n) = 11*o(n) - 4*p(n). Is 16 a factor of h(10)?
True
Suppose 28*k = 63989 + 45155. Is k a multiple of 52?
False
Suppose -106 = v - 0*v - 4*g, v = -g - 96. Let d = -31 - v. Is 16 a factor of d?
False
Suppose 3*c = 8*c + 600. Let d = c - -228. Is d a multiple of 27?
True
Suppose -4*l + 2320 = 4*o, 5*l - 4*o = 713 + 2232. Does 9 divide l?
True
Let a = 133 - 284. Let k = a + 259. Is 24 a factor of k?
False
Let x be ((-8)/2)/(-4) - -3. Let f = 51 - -27. Suppose -x*q - 6 = -f. Is 17 a factor of q?
False
Let i be (1 - 4) + (-21)/(42/(-8)). Let m(y) = 23*y**2 + 4*y + 3. Let j(r) = 70*r**2 + 11*r + 8. Let x(s) = 4*j(s) - 11*m(s). Is x(i) a multiple of 13?
True
Let v(t) = 4*t - 16. Let q be v(5). Suppose q*u - 216 = -4*u. Is 27 a factor of u?
True
Let c(j) = -j**3 - 4*j**2 - 3*j. Let t be c(-3). Let x(u) = u**3 - u**2 + 3*u + 40. Is 5 a factor of x(t)?
True
Suppose -13 = -3*u + 4*d, -1 = -d - 5. Does 14 divide 17 + -19 + 59 + u?
True
Is ((-1245)/(-20))/(3/4) a multiple of 3?
False
Suppose 2*h - 5 = 27. Let l be 26/7 + h/56. Let n = l + 10. Is n a multiple of 2?
True
Let z(w) = 6*w**3 - 2*w**2 + 2. Let n(t) = t**3 + 7*t**2 + 5*t - 4. Let y be n(-6). Does 12 divide z(y)?
False
Let d(w) = 56*w**3 + w**2 + 2*w. Let k be d(-1). Is 19 a factor of k/(-1)*(-2)/(-3)?
True
Suppose 17*n = -22*n + 936. Is n a multiple of 3?
True
Let z(d) = 15*d**2 - d - 1. Let p = -5 - -5. Suppose 3*i + 7 - 1 = p. Does 39 divide z(i)?
False
Suppose -3*o = 2*m + 107, 2*m + 121 = -2*o + 13. Let g = 64 + m. Is g a multiple of 3?
True
Is 53 a factor of (12027/2)/(144/96)?
False
Suppose 12 = -2*h - 5*f, -h + 18 = -4*h - 4*f. Is (8/h)/((-17)/408) a multiple of 4?
True
Let i(z) = -5*z - 1. Let o be i(-1). Suppose -15 = -f - o*f. Suppose 0 = -u - 5*b, -f*u - 13 = -2*b - 47. Is u a multiple of 4?
False
Does 2 divide ((-2)/3)/(9/(-621))?
True
Suppose 0 = -3*n + 4*n - 4. Suppose -20 = 5*m, -n*u + 25 = -4*m - 63. Is u a multiple of 8?
False
Let i = 283 + -249. Does 6 divide i?
False
Does 10 divide 4/(-6) + ((-194)/(-3) - -6)?
True
Suppose -2*w = 3*y - 5*w - 351, -4*y + 5*w + 467 = 0. Let z = -174 - -90. Let k = y + z. Is 8 a factor of k?
False
Let d be 44/(-6) - 2/3. Let v be d/(-28) - (-10)/14. Suppose 5*q - 80 = -5*m, -5 = -m - 5*q - v. Does 10 divide m?
False
Let m be ((2370/8)/5)/(6/48). Suppose 4*l + 2*u = m, 5*u - 25 = -0*u. Is l a multiple of 29?
True
Let j = -33 - -80. Does 24 divide (-3 - -5)/(2/j)?
False
Let c(o) = -3510*o**3 + 7*o**2 + 6*o. Is 11 a factor of c(-1)?
False
Let x(a) = -a**2 - 11*a - 12. Let q be x(-6). Is (3*4/q)/(4/954) a multiple of 42?
False
Suppose -7*q + 2*q + 190 = 4*s, 3*q + 5*s - 101 = 0. Let t be (-1 - 2) + (-140)/(-2). Let j = t - q. Is j a multiple of 9?
False
Suppose 0 = -p - 4 + 9. Suppose -3*x + 2*x + 24 = 2*q, -2*q - 120 = -p*x. Is x a multiple of 6?
True
Let f be (-9)/((-81)/(-12))*-96. Does 25 divide f/1 - (-4 - (-49)/7)?
True
Let k(i) = -i**3 + 11*i**2 - 4*i + 6. Let j(u) = u**3 - 10*u**2 + 4*u - 6. Let o(a) = -5*j(a) - 4*k(a). Does 14 divide o(4)?
False
Suppose 3*x + 0*x = 12, -3*x = -4*j + 8. Suppose 32 - 12 = j*t. Suppose u - 6*u + g = -17, -2*u + t = g. Is u a multiple of 3?
True
Suppose -264*f + 247*f = -25296. Is f a multiple of 16?
True
Suppose -8*l + 87 + 33 = 0. Is 9/(-15) - (-2859)/l a multiple of 35?
False
Let n = -442 + 664. Suppose -5*v + 4*p - 6*p = -224, -n = -5*v - p. Suppose v + 128 = 2*d - 3*q, -3*d - 5*q + 220 = 0. Is 20 a factor of d?
True
Suppose -4*l + 12 = -d, 5 = -2*d + 4*l - 3. Suppose -12 = 11*s - 14*s. Suppose -s = -d*n, -5*h + n + 61 = -33. Is 19 a factor of h?
True
Let h = -60 + 30. Let m(c) = -c**